. Suppose x - 5*z = 17, -106 = -5*x + v*z + z. What is the units digit of x?
2
Suppose 0*w = 5*w. Suppose 12*m - 9*m = w. What is the units digit of (m + -1)*(-12 + 10)?
2
Let j be (3/(-2))/((-38)/3572). Let l(g) = -g**3 - 7*g**2 - 5*g + 6. Let d be l(-6). Suppose -2*o - 6 = d, 5*t = -0*o + 2*o + j. What is the tens digit of t?
2
Suppose n + 2*n = n. Suppose -g - 4*w + 85 = 0, -545 = -n*g - 5*g + 4*w. What is the units digit of g?
5
Suppose 4*n - 205 = -4*b + 471, -b = -2*n - 166. Suppose -3*c - 3*f = -6*f - 237, -2*c + 4*f + b = 0. What is the tens digit of c?
7
Suppose 0 = -8*k + 2*k + 12. Suppose 14 = 3*z + k. Suppose z*w = -5*y + 186, 2*y + 5*w + 33 = 104. What is the units digit of y?
8
What is the tens digit of 1*(-4 - 237)*-2?
8
Let j = -44 + 51. What is the units digit of 85 + (j - 2) + -4?
6
Let n = 354 + -97. What is the hundreds digit of n?
2
Let m be (1 + -2)/(1*(-1)/(-127)). Let d be (6/8 - -1)*-40. Let q = d - m. What is the tens digit of q?
5
Let n be 9/(-2 + 3 + -2). Let g = n + 6. What is the tens digit of 44*3*g/(-18)?
2
Suppose -639 - 14873 = -7*s. What is the units digit of s?
6
Let z = 2074 + -1188. What is the tens digit of z?
8
Let u(p) = 16*p - 2. Let h(w) = -15*w + 2. Let y(r) = 5*h(r) + 6*u(r). What is the tens digit of y(3)?
6
Let z = -1040 - -2304. What is the units digit of z?
4
Let x(m) = 35*m**2 + m. Let i(q) = q + 10. Let o be i(-10). Suppose -3*w - 3 + o = 0. What is the units digit of x(w)?
4
Let q be (-2 + 4)*(4 - (-2)/(-1)). What is the tens digit of (-5 - (-43)/(-3))*(-18)/q?
8
Let l(f) = -6*f - 35. Let v be l(-6). What is the tens digit of (v - -1)/(((-9)/(-84))/3)?
5
Let d(k) = 83 - 83 + 4*k + k. What is the tens digit of d(3)?
1
Let p(r) = -531*r**3 - r. Let y be p(-1). Suppose 2*s - y = -0*s - 4*u, 4*s - 3*u = 1053. What is the units digit of (3/(-2))/((-18)/s)?
2
Let y be 1/((-2)/((-64)/4)). Let x(r) = r**3 - 8*r**2 + r - 3. Let w be x(y). Let a(v) = -v**3 + 6*v**2 - 2*v + 4. What is the units digit of a(w)?
9
Let b(h) = -h**2 - 18*h - 12. Let q be b(-16). Let d = q - -39. What is the tens digit of d?
5
Suppose -175*f + 3000 = -172*f. What is the units digit of f?
0
Let z = -72 - -72. Suppose z = -7*w + 2*w + 240. What is the units digit of w?
8
Let l(t) = -701*t**2 - t + 3. Let k be l(1). Let b = -437 - k. What is the units digit of b?
2
Let p(n) = 47*n**2 + 21. What is the tens digit of p(-3)?
4
Let o(s) = -9*s + 14. Let l(h) = -9*h + 14. Let r(u) = 2*l(u) - 3*o(u). What is the units digit of r(8)?
8
Let z(y) = y**3 + 8*y**2 + 7*y + 5. Let j(l) = -l**2 + 5*l - 4*l + 0*l - 3 + 8. Let p be j(-3). What is the units digit of z(p)?
5
Let b(q) = q**2 + q - 16. Suppose -54*f + 49*f + 65 = 0. What is the tens digit of b(f)?
6
Suppose -2*k + 20 = 5*a, -2 = -k + 2*a - 1. Suppose 5*x - 4*x - q + 121 = 0, 139 = -x - k*q. What is the units digit of x/(-6) - (-10)/(-15)?
0
Let n = -498 - -541. Let r = 7 - 2. Suppose r*b - n = 72. What is the tens digit of b?
2
Suppose 200 + 15 = 5*f. Suppose -8*a = -7*a - f. What is the units digit of a?
3
Let a = -37 - 22. Let q = a - -84. What is the tens digit of q?
2
Suppose 5*m + 2*p = 2215, 0 = -m + 9*p - 4*p + 470. What is the units digit of m?
5
Suppose -395 = 7*m + 375. What is the units digit of (-339)/(-10) + (-11)/m?
4
Suppose -5*r = 3*p - 5262, p + 3*r - 1752 = 2*r. What is the tens digit of p?
4
Let w(j) = 43*j**3 + 5*j**3 - 2*j**2 + 0*j + j. What is the tens digit of w(1)?
4
Suppose 10*t - 12*t = 0. Suppose -c + t*x = -x - 141, 4*x = -4*c + 564. What is the hundreds digit of c?
1
Suppose 5 = -6*g - 31. What is the tens digit of g/(-9)*-9*(-52)/24?
1
Let b(c) = 64*c**2 + 7*c - 11. Let k(m) = 32*m**2 + 3*m - 5. Let x(a) = -4*b(a) + 9*k(a). What is the units digit of x(-1)?
2
Suppose -31*j + 15093 = -4*j. What is the hundreds digit of j?
5
Let f be -1 + (-9)/(9/(-26)). What is the hundreds digit of 3020/f - 3/(-15)?
1
Suppose 14*z = 12*z + 852. What is the units digit of z?
6
Let v(q) = q**2 - 4*q - 1. Let c be v(3). Let b(w) = -w**2 - 8*w + 2. Let l be b(c). What is the units digit of 100/36 + 4/l?
3
Let k = -624 + 1857. What is the units digit of k?
3
Let l(m) = -21*m**3 + 2*m**2 - 2*m**2 - 5*m**3. Let p be l(-1). Suppose p = -5*g + 6*g. What is the units digit of g?
6
Let b be 10/(-4) + 24/(-16). Let v(p) = -7*p - 1. What is the units digit of v(b)?
7
Let v = 2152 - 1297. What is the units digit of v?
5
Suppose 0 = 15*n - 7528 + 478. What is the tens digit of n?
7
Let x = -31 - -35. Suppose -2*t - 8*p = -3*p - 3, x*t + 5*p = 21. What is the units digit of t?
9
Let s(z) = -18*z + 43. What is the hundreds digit of s(-9)?
2
Suppose -2*d + 5874 = -3*z + 6*z, 0 = -4*z - 6*d + 7822. What is the tens digit of z?
6
Let g be (-355)/(-10) + 1/(-2). Let l = -32 + 24. Let t = l + g. What is the units digit of t?
7
Let q = -91 + 160. Suppose 0 = 3*x - 11 + 125. Let p = q + x. What is the units digit of p?
1
Suppose 2*u - 4 = 2*m, -3*u - 30 = 5*m - 2*m. What is the tens digit of 10/(-3)*171/m?
9
Let g = 40 - 38. Suppose -5*x = -5*t + 490, g*x + 20 = -3*x. What is the units digit of t?
4
Let p(j) = -6*j**3 - 4*j + 1850*j**2 - 3 + 2*j - 1850*j**2. What is the hundreds digit of p(-3)?
1
Let p be 178/(6/16*(-8)/(-6)). Suppose -p + 50 = -3*d. What is the hundreds digit of d?
1
Let g be ((-15)/(-10))/3*0. Suppose o - 8 - 44 = g. What is the units digit of o?
2
Let q = -8 - -15. Suppose -q*w = -3*w - 228. What is the tens digit of w?
5
Let k(h) = 81*h**2 - 8*h - 44. What is the tens digit of k(-3)?
0
Let o(d) = 2 - 2 - d + 1. Let q(c) = -c**3 + 3*c**2 - 7*c + 5. Let z(f) = 4*o(f) - q(f). What is the units digit of z(3)?
8
Let a(y) = -y**2 - 10*y - 11. Let b be a(-9). What is the tens digit of ((-28)/(-21))/(b/(-243))?
6
What is the hundreds digit of 7 + (-1)/1 - -238?
2
Suppose 0 = 3*d - 5*z - 1465, 4*d - 350 = 5*z + 1595. What is the tens digit of d?
8
Let j(z) = 3*z + 13. What is the tens digit of j(10)?
4
Let h(c) = 3*c**2 - c + 233. What is the units digit of h(27)?
3
Let u(o) = 312*o**2 + 49*o**3 + 0*o - o - 309*o**2. What is the units digit of u(1)?
1
Suppose 0 = -63*u + 52*u + 37268. What is the units digit of u?
8
Suppose -7 = 4*p - 3*p. Let g(q) = 2*q**2 - q + 4. Let m be g(p). Let s = -76 + m. What is the units digit of s?
3
Let u be (-63)/(-27) - (-2)/(-6). Suppose n = 4*v - 2*n - 31, -2*n - 16 = -u*v. Suppose v*b + 60 = 11*b. What is the tens digit of b?
1
Suppose 0 = -15*t + 18*t - 906. Suppose -2*d + 2*q = -t - 98, d = -4*q + 215. What is the tens digit of d?
0
Let w be ((-15)/(-4) + 1)*4. Let s be (-3 - -4 - 6)*(-3 - -2). Suppose 0 = 5*n + s*r - w - 6, 0 = 5*r - 20. What is the units digit of n?
1
Suppose 68 = 20*k - 18*k. Let r = k + -2. What is the tens digit of r?
3
Let r(x) = -x**2 + 9*x - 20. Let q be r(8). What is the tens digit of (36/2)/((-4)/q)?
5
Let a(w) = w**2 - 21*w + 24. Let u be a(20). Suppose 3*b - 230 = -4*q - 36, 0 = -5*b + u*q + 302. What is the tens digit of b?
6
Suppose -2*q - 148 = -2*y, 0*y = -4*y + 5*q + 293. Suppose 0 = -4*o - 4*u + 172, 0*o - 5*u = 2*o - y. What is the units digit of o?
6
What is the hundreds digit of 22440/154*((-49)/(-2))/1?
5
Suppose 2344 = 3*b - 5*g, -2*g = -b + 3*g + 798. What is the hundreds digit of b?
7
Let v be -1*(-12)/(-2)*-1. Let k = v - -5. Suppose 2*q - k = 61. What is the units digit of q?
6
Let j = 129 + -75. Let t = j - 49. What is the units digit of t?
5
Let v(d) = 11*d**2 - 25*d - 16. What is the tens digit of v(11)?
4
Suppose 0 = 5*h + 3*a - 213, -5*a = -2*h + h + 37. Let l = h - 70. What is the units digit of 1/4 + (-581)/l?
1
Let z = 1236 + -582. What is the tens digit of z?
5
Let m(x) = x**2 - x + 1. Let q(r) = -r**2 - 4. Let a(c) = -3*m(c) - q(c). Let u be a(-5). What is the tens digit of ((-176)/u)/(2/40)?
5
Let b = -45 + 128. What is the tens digit of 0/(-1) - (6 - b)?
7
Suppose -4*c - 2*g + 2600 = 0, 1736 = 2*c - 4*g + 456. What is the hundreds digit of c?
6
What is the tens digit of (-464)/(-2 + -6) - (3 - 0)?
5
Suppose 985*p - 987*p + 1348 = 0. What is the tens digit of p?
7
Suppose -a + 3*m + 3425 = 0, -90*a + 85*a - 5*m = -17045. What is the hundreds digit of a?
4
Let m = 3 - 4. Let w be m - 1 - (-18 + 14). Suppose 0 = 4*b + 4*r - 216, 6*r - w*r = 3*b - 141. What is the units digit of b?
1
What